et j(p) = 4*p + 28. Let m be j(-6). Let o = 12 + -13. Let l(s) = s**2 - s + 1. Let f(g) = 5*g**2 + 3*g + 5. Let r(b) = m*l(b) + o*f(b). Determine r(-5).
9
Let j = -5 + 10. Suppose j = -2*a - 5. Let p(y) = -48*y**2 - 57*y**2 - 3*y - y - y**3 + 6 + 11*y + 101*y**2. Calculate p(a).
-4
Suppose -k = -4*r + 2, -2*k + k + 3*r = 0. Let n be (k/(-4))/(-1 - (-20)/8). Let l(u) = 4*u - 4*u**2 - 5*u + 14*u**2. Determine l(n).
11
Let b(u) = -u + 11. Let c be b(12). Let n be (-1)/(c + 4/6). Let q(p) = 6 + 0 - 3*p**n - 7*p**2 + 5*p**3 - 3*p**3. What is q(-7)?
6
Let x(c) be the second derivative of -c**5/20 - 5*c**4/6 + 37*c**2/2 + 7*c - 164. Give x(-10).
37
Suppose 5 = -3*i - 2*v, -v + 4 = -4*i - 3*v. Let f(r) = -i - 10 + 13 - 2*r + 0*r + 2*r**3. Determine f(2).
14
Let b(n) = -3 + n + 0 + 2. Suppose -5*v - 147 = -3*a, -v - 2*a = v + 46. Let k be 160/(-25) - v/(-45). Give b(k).
-8
Let g(x) = -46*x**3 + 4 + 12*x**3 - 6*x**3 + 2 - 5. Determine g(1).
-39
Let z(k) = 3*k - 75. Let c be z(24). Let f(y) = y + 3. Let j(u) = u - 1. Let g(t) = 7*t + 1. Let m(h) = g(h) - 5*j(h). Let w(p) = c*m(p) + 7*f(p). What is w(5)?
8
Let t be ((20 - 17) + -4)/((0 - 1)/3). Let q(i) be the third derivative of i**2 + 0*i**3 - 1/6*i**4 + 0 - 1/120*i**6 + 0*i + 1/20*i**5. What is q(t)?
-12
Let m(n) = 3*n - 88. Let t = -1704 - -1732. Calculate m(t).
-4
Let r(m) = -m**3 - 4*m**2 - 7*m - 5. Let s(a) = 2*a**2 + 38*a + 144. Let g be s(-22). Let v be (g/207)/((-2)/6). What is r(v)?
23
Let q(b) = -b**3 + 8*b**2 - 10. Suppose 0 - 8 = 4*a. Let u be (-3)/(-5 - a) + 5. Suppose n = 5*s + 8, 2*n - u*s - 16 = -5*s. What is q(n)?
-10
Suppose 2*c = 6*c - 4. Suppose c - 13 = -4*g. Let w(v) = g + 2 - 377*v + 376*v. Determine w(5).
0
Let o(u) be the first derivative of -10 + 7/60*u**5 + 0*u**4 + 0*u - 1/120*u**6 - 1/2*u**3 - 6*u**2. Let d(q) be the second derivative of o(q). Determine d(7).
-3
Let b(s) be the second derivative of 1/24*s**4 + 17*s + 1/120*s**5 + 35/6*s**3 + 0*s**2 + 0. Let a(k) be the second derivative of b(k). Determine a(2).
3
Let y(h) = -5*h + 25. Suppose 3*o - 79 + 61 = 0. Let q be y(o). Let m(g) = g**3 + 5*g**2 - g - 3. Determine m(q).
2
Let a(y) = y**2 + 33*y - 2. Let k be (1 - -1)*(-3 + -3)*418/152. Determine a(k).
-2
Let m = -24 - -39. Suppose 0*n + m = -2*n + 5*f, -2*f + 6 = -n. Let k(a) = -4*a**3 + 5*a**3 + n*a - 4 - 3*a**2 + 2*a - 2*a**3. Give k(-3).
-10
Let i be 12/13 + (-5)/(-65). Let n(c) = -c**3 + 3*c**2 - c - 5. Let k(p) = -p**3 + p + 1. Let g(r) = i*n(r) - 2*k(r). What is g(-3)?
2
Let v(f) be the third derivative of 0 + 1/24*f**4 - 7/3*f**3 - 39*f**2 + 0*f. Give v(12).
-2
Let t(i) = i**3 - 4*i**2 - 2*i + 7. Let r(g) = -137*g - 545. Let m be r(-4). Determine t(m).
-8
Let v(h) = -13*h + 223. Let y be (4/30*-15)/(4/(-34)). Calculate v(y).
2
Let o be 12/9 - (-143)/39. Suppose -o*a + 191 = 121. Let r(p) = 2*p - 1 - a - 2*p - p. Give r(-8).
-7
Suppose -y = 5*u - 4*y - 6, 5*u + 8 = -4*y. Let j(x) = 3*x - 1 + u + 8. Suppose 1265*m = -6859 + 534. Give j(m).
-8
Let d(f) = -4003 + 1422 + 1379 + 1372 - 7*f. What is d(24)?
2
Let h be ((-4)/(-6))/(((-5)/39)/(-5)). Suppose 0 = -5*j + h + 24. Suppose 2 = -3*v - r - 9, -3*v - 2*r - j = 0. Let z(c) = c + 7. Give z(v).
3
Suppose -3*t - 13 = -2*r + 3, 4*r = -5*t + 76. Let m(n) = 4 - r + n**2 + 9. Give m(-4).
15
Let j(q) = 5*q + 147. Let x(z) = -3*z - 95. Let y(m) = 5*j(m) + 8*x(m). What is y(13)?
-12
Let c(m) = -m**2 + 5*m + 7. Let r be ((-7)/3 + -2)*-3. Let u(a) = a**2 - 15*a + 2. Let b be u(r). Let z = b - -29. Calculate c(z).
7
Let t(v) be the third derivative of v**6/120 + 11*v**5/60 + 3*v**4/8 + v**3/3 - 2*v**2. Suppose 5*z - 5*p + 65 = 0, 34*p - 38*p + 22 = -z. Determine t(z).
12
Let a(k) be the second derivative of k**5/20 + 7*k**4/12 + 7*k**3/6 + 2*k**2 + 7271*k. Let b be (6/4)/((-2)/8). Determine a(b).
-2
Let t(w) = 169*w - 344. Let u(k) = -31*k - 2. Let r(m) = t(m) + 4*u(m). Calculate r(8).
8
Let g(j) = -j - 2. Let w be (-7)/(-28) - (-145)/(-4). Let a = 54 + w. Let m be -6*(15/a - 4/8). Give g(m).
0
Let v(k) be the first derivative of -k**3/3 - 7*k**2 - 4*k - 667. What is v(0)?
-4
Suppose 10*q - 117 = 93. Let i(n) = -24*n + q + 22*n - 21. Give i(3).
-6
Let z(a) = a. Let q(l) be the second derivative of l**4/12 - 2*l**3/3 + 3*l**2/2 + 18*l - 2. Let x be q(1). Determine z(x).
0
Let f(n) = -n**3 - 18*n**2 - 30*n + 30. Let o be 3*((-1246)/138 + 9) - 366/23. Determine f(o).
-2
Let b = 307 - 300. Suppose 2*u - 4 = z, 0 = -3*u + 3 + 6. Let m(q) = -5*q + 0*q - z*q + 8 + 8*q. What is m(b)?
15
Let c = 379 + -372. Let l(z) = 172*z**2 - 165*z**2 - 10*z + 4 - z**3 + 11*z. Give l(c).
11
Let o = -38 - -37. Let s be 6 - (3 + -1 + -3 + -2). Let m(z) = z + 1 - s*z + 0. Determine m(o).
9
Suppose -5*v + 191 = 2*s, -5*v + 2*s = -0*s - 199. Let u(b) = 13*b - 9. Let q be u(4). Let t = q - v. Let w(g) = -g**3 + 5*g**2 - 3*g. Calculate w(t).
4
Let u(g) be the third derivative of -17*g**4/24 + 187*g**3/6 + 232*g**2. Calculate u(12).
-17
Let b(u) = -5*u**2 + 5*u - 11. Let m be b(5). Let w = -105 - m. Let t(d) = d + 4. Give t(w).
10
Let v(w) = 39*w + 103. Let h(x) = -119*x - 277. Let r(s) = 3*h(s) + 8*v(s). Calculate r(-1).
38
Let n be (29*1)/(-8 + 1 + 8). Suppose 4*q = -4*y + 20, 4*y + 13*q - 12*q = n. Let c(v) = v + 6. Calculate c(y).
14
Let j(g) be the first derivative of 11*g**2/2 + 58*g + 1152. What is j(-7)?
-19
Let q = 134074 - 134069. Let l(z) be the second derivative of 2*z - 3*z**2 + 1/3*z**3 + 0. Determine l(q).
4
Let y(x) be the third derivative of x**6/120 + 13*x**5/60 + 4*x**3/3 - 163*x**2. Let c(f) = -f**2 + f. Let s(z) = -2*c(z) - y(z). Give s(-11).
14
Let c(y) be the third derivative of 0 + 125*y**2 + 0*y + 1/2*y**3 - 1/8*y**4. Give c(2).
-3
Let d(q) = -2*q**3 + q**2 - 4*q. Let k(f) = 3*f**3 + 3*f. Let a(b) = 4*d(b) + 3*k(b). Let p be (3 - -15)/((-4)/(-2)). Let s be 5 - (4 - 3) - p. Give a(s).
10
Let b = 228 - 221. Let m(c) = 2*c**2 - 14*c + 16. Let f be m(b). Let u(q) = q**2 - 15*q - 20. Calculate u(f).
-4
Suppose 0*l - 20 = 4*l, l - 1 = -3*v. Let s = -6 - v. Let r(c) = -5*c + 106. Let n(y) = 46*y - 970. Let a(f) = 6*n(f) + 55*r(f). Calculate a(s).
2
Let s = 5147 + -5159. Let u(h) = -h**3 - 11*h**2 + 16*h + 27. Determine u(s).
-21
Let c be (8/36*-1)/(56/252). Let p(u) = -10*u - 3. Let f be p(-2). Let i(z) = -f*z - 2 - 3*z + 3. What is i(c)?
21
Let a = -328 + 221. Suppose -2*h + 525 = 5*d, 0*d + h = 2*d - 210. Let m = d + a. Let s(j) = j**3 + 3*j**2 + 3*j + 1. Determine s(m).
-1
Let a be (-1)/(3 - -2 - (-4 + 56/6)). Let h(r) be the second derivative of r**2 - 1/3*r**a - 19*r + 0. Give h(2).
-2
Let m(n) be the first derivative of 3*n**2 + 4*n - 183 - 1/3*n**3. Determine m(7).
-3
Let p(l) = -4*l + 72. Suppose -2*b - v = -38, 3 = -25*b + 24*b + 5*v. Determine p(b).
4
Let m(k) = 2 - 2 + 6*k + 5 + k**2. Suppose 0 = 3*a - 2*z + 1, 16*z = 2*a + 20*z + 38. What is m(a)?
0
Let p be (-4 + (-5)/(-2))/((-9)/24). Suppose z + 40 = -p*z. Let d(k) = k + 13. What is d(z)?
5
Let n(m) = -m**3 - 8*m**2 + 46*m - 36. Let b be 3/(-16)*120/2 - (-402)/(-536). Calculate n(b).
-12
Let u(m) = 2 - 2*m + 0 + m**3 + 5*m + 3 - 5*m**2. Let z be -6*(11/(-3) + (5 - 2)). Give u(z).
1
Let m = 6708 - 6708. Let a(t) = 13 + 8*t**2 + t + t**2 - 8*t**2 - t**3. Determine a(m).
13
Let h(j) = 2*j + 1 - 5 - 16 + 2 + 3 + 9. Suppose -3*d + 36 = -d. Let v = d + -13. Give h(v).
4
Let m(z) = 3*z - 3. Suppose 77 = -16*a + 221. Let g be a - 1 - (-60)/(-30). What is m(g)?
15
Let r(c) be the first derivative of -c**6/360 + c**5/40 + c**4/24 + 38*c**3/3 - 126. Let f(u) be the third derivative of r(u). What is f(4)?
-3
Let f = 485 + -91. Let n = f - 400. Let w(s) = s**3 + 7*s**2 + 5*s - 2. Determine w(n).
4
Let m(c) be the third derivative of 0*c - 2/3*c**3 - 8*c**2 - 3 + 1/24*c**4. Calculate m(0).
-4
Let d(u) = 9*u + 150. Let k be (1644/(-1096))/((-11)/12 - -1). Determine d(k).
-12
Let b(q) = -3*q**2 - 2*q + 478 + 2*q**2 - 947 + 461 + q**3. What is b(-2)?
-16
Let a(v) be the second derivative of 7*v**4/12 + v**3/6 - v**2/2 - 2*v. Suppose 0 = 5*p + 5*u - 20, 5*p - 2*u - 5 = -6. What is a(p)?
7
Let o = -592 - -286. Let n = o + 303. Let f(d) = d**2 + 4*d + 7. Calculate f(n).
4
Let w(q) = 117*q - 98 - 27 - 98*q. Let o be w(7). Let t(r) = -r**2 + 9*r - 2. Calculate t(o).
6
Let s(j) = 2*j - 1. Let g(